 2813*u. Let x(j) = j**3 - 7*j**2 - 8*j - 6. Determine x(u).
-6
Suppose 129*k - 565 = -694. Let b(d) be the third derivative of d**6/40 - d**4/24 - d**2. Determine b(k).
-2
Suppose -5*n + g = -g + 6, -5*n - 3*g = 16. Let j be (0 - (-1 + 2))/((-4)/8). Let h(a) = 2*a**2 + 33*a**j - 37*a**2. What is h(n)?
-8
Let x(l) be the third derivative of -l**6/60 - 19*l**5/20 + 5*l**4/4 + 23*l**3/6 - 2300*l**2. Determine x(-29).
-6
Let b be (53 - 52)*(-12)/3. Let i(n) = 6*n**2 + 10*n - 3. Determine i(b).
53
Let q(o) = o**3 - 8*o**2 - 3. Suppose 0 = 5*s + 4*l - 27, -33*s - 19 = -36*s - l. Let j be s + (90/(-54))/((-10)/6). Give q(j).
-3
Let g(h) = 241*h + 163. Let f(x) = 125*x + 1. Let o(y) = 2*f(y) - g(y). Give o(19).
10
Let v(d) be the first derivative of -1/2*d**2 - 3*d - 3 - 1/3*d**3. Let p(b) = 5*b**2 + 6*b + 16. Let i(o) = -2*p(o) - 11*v(o). Calculate i(3).
7
Let k(y) = y - 8. Let n(o) = o - 1. Let a = 94 + -95. Let c be (0 + 1)*a*(-11 + 12). Let b(m) = c*k(m) + 3*n(m). Calculate b(-4).
-3
Let g(f) = -7*f**3 + 113*f**2 - 15*f - 18. Suppose 13*n - 222 = 36 - 50. What is g(n)?
-2
Let c be 56/(-9) - 6/(-27). Let f(n) be the third derivative of -n**6/120 - n**5/12 + n**4/6 - 19*n**3/6 - 3110*n**2. Give f(c).
-7
Let f(k) = k**2 + 8*k. Suppose -3*g - 392 = -56. Let s = g + 105. What is f(s)?
-7
Let b(h) = 34*h - 93. Let g(i) = -8*i + 23. Let x be (18/(-24))/((-2)/(-24)). Let z(m) = x*g(m) - 2*b(m). Give z(6).
3
Let v(l) = -l**3 - 5*l**2 - 2*l - 1. Let q(j) = j**3 + 4*j + 3. Let k(s) = -2*q(s) - v(s). Determine k(7).
-145
Let j(c) = c + 2. Let x = 703 - 714. Let h(s) = s**3 + 10*s**2 - 18*s - 78. Let d be h(x). Determine j(d).
1
Let t(g) be the first derivative of 1/2*g**2 + 0*g + 23. Let m = -8 + 14. What is t(m)?
6
Let s(t) = -4*t**3 - t**2 - t - 10. Let k(d) = 5*d**3 + 2*d + 12. Let a(n) = -5*k(n) - 6*s(n). Let h be 5/(-2)*(-14 + 12). Determine a(h).
5
Let m(b) = 17*b**3 + 29*b**2 - 43*b + 63. Let i(r) = -13*r**3 - 27*r**2 + 43*r - 60. Let h(d) = 4*i(d) + 3*m(d). Give h(-23).
18
Let n be (2/(6/15) + 2)*(-8 + 7). Let y(z) = z**3 + 5*z**2 - z + 16. Calculate y(n).
-75
Let c(l) be the second derivative of l**4/6 - l**2 + 11*l. Let f(s) = s**2 + 1 + 9*s + 1 - 8*s + 9*s. Let z be f(-10). Give c(z).
6
Let v(x) = -2*x - 5. Let t be -6 - 2 - (-29 - 0). Suppose t*s + 37 = 121. Calculate v(s).
-13
Let x = 3784 + -3789. Let p(j) = 2*j + 13. Determine p(x).
3
Let t be 1 + -5 + 2 + 4. Suppose 0 = -2*i + 2 + t. Let n(u) be the second derivative of u**5/20 - u**4/12 - u**2/2 - 67*u + 13. What is n(i)?
3
Suppose -4*t + 23 = 5*u, -673*t = -2*u - 668*t - 4. Let x(s) be the first derivative of -11/3*s**u - 14 + s + 0*s**2. What is x(1)?
-10
Suppose -4*d - 9 = 19. Let l = 215 + -212. Let o(y) = -17*y + l + 69*y - 28*y - 25*y. What is o(d)?
10
Let i(x) = 24*x - 6. Let o be -1 + 1 + 33 + -3. Let c = o + -19. Let d(h) = 5*h - 1. Let w(f) = c*d(f) - 2*i(f). Determine w(-2).
-13
Let o(m) = 2*m**3 - m**2 + 3*m - 2. Let c be ((-10)/(-55)*1)/(16/176). Determine o(c).
16
Let h(a) = 43*a - 1. Let s be h(4). Let p(z) = -21*z + s - 4*z - 172. Calculate p(-1).
24
Let x be 11 - ((-35)/25 + 1)*5. Let t(r) = 10*r - 123. Determine t(x).
7
Let j(i) be the second derivative of i**6/360 + 3*i**5/40 - i**4/12 + 49*i**3/3 + 8*i + 3. Let r(p) be the second derivative of j(p). Determine r(-7).
-16
Let g(f) = 64 + 52*f**2 + 39*f**2 - f**3 - 110*f**2 + 8*f + 31*f**2. Determine g(13).
-1
Let r(l) = -62442 + l**3 + 31219 + 2*l + 31220. Determine r(1).
0
Let n(r) = -r + 2. Let s(a) = a**2 + 12*a + 27. Suppose 0 = j - 4*j + 2*j. Suppose j = -0*h - 4*h - 36. Let q be s(h). Determine n(q).
2
Let i(y) = 5*y + 82. Let z be i(-26). Let a = z + 48. Let u(l) = l**2 + 16. Determine u(a).
16
Let z(a) be the second derivative of a**5/10 - a**3/3 - 10*a. Let o(k) = -2*k**3 + 2*k**2 + 3*k + 2. Let q be o(0). Suppose -q*n + 6 = 2. What is z(n)?
12
Let d(a) = 26*a + 20. Let b(l) = -2*l**2 + 477*l + 1935. Let t be b(-4). Give d(t).
-110
Let f(m) = 2*m**3 - 3*m**2 + 1. Let k be f(2). Let z(q) be the second derivative of -q**3/2 + q**2 - 807*q. Calculate z(k).
-13
Suppose -2*f - 22 = 54. Let j = f + 34. Let t(i) = i**2 + i - 1. Let s(w) = 3*w + 4. Let g(o) = s(o) + 2*t(o). Calculate g(j).
14
Let s(l) = l**3 - l**2 + l - 6. Let c(t) = -t**3 - 73*t**2 - 67*t + 360. Let f be c(-72). Give s(f).
-6
Let o be (4 + -5 + -15)*(-2)/4. Suppose x = 10 - o. Let g(f) = -4 + f**3 - 15*f**2 + 11*f**2 + 7*f - x*f. Calculate g(3).
2
Let m(j) be the first derivative of -1/2*j**2 - 4 + 0*j + 2/3*j**3. Let c be 36/30 - (-8)/10. Calculate m(c).
6
Let k(o) be the first derivative of -3 - 1/20*o**5 + 5/24*o**4 + 0*o + 1/2*o**3 - 27/2*o**2. Let d(w) be the second derivative of k(w). Determine d(4).
-25
Let x be (0 - 4)/((33/3)/(-11)). Suppose -2*a + 1 = s, 2*s + x = 7*a - 9*a. Let d(n) = -2*n - 8. Determine d(s).
2
Let s(y) be the first derivative of -y**4/12 - y**3/2 - 16*y**2 + y - 30. Let d(q) be the second derivative of s(q). Determine d(-3).
3
Let l(a) = 7*a**2 + 12*a + 37. Let i(n) = 3*n**2 + 6*n + 16. Let z(g) = 5*i(g) - 2*l(g). What is z(-8)?
22
Let m(b) = b**2 - 3*b. Let r be (-1)/4 + (-3916)/16. Let a = -241 - r. Calculate m(a).
4
Let c(l) = -3*l**2. Let h(b) = 5*b + 12*b**2 - 11*b**2 + 23 - 16*b. Let t be h(3). What is c(t)?
-3
Let z(s) = s**2 + 11*s - 24. Suppose 11*u = 6*u - 18*u - 299. What is z(u)?
2
Let b(z) be the third derivative of -3*z**4/8 - z**3/3 - z**2. Suppose -5*r - 55 = -2*r - 5*d, r + 2*d = 0. Let g be (-25)/r*2 - (-11 - -18). Give b(g).
16
Let l(k) = 8 - 2*k - 2*k**2 - 21 + 12. Suppose 8 = -d + 3*s, 3*s + s - 14 = 3*d. What is l(d)?
-5
Suppose 2*i + 3*x = 14364, 5*i - 15906 = -3*x + 19995. Let w(t) = -1 + 4 + i*t - 7179*t + t**2. Calculate w(0).
3
Let v(g) be the third derivative of 19*g**4/24 + 5*g**3/3 + 911*g**2 + 3*g. What is v(5)?
105
Let w(c) = 8*c - 2. Let q(p) = -p. Let y(m) = 5*q(m) + w(m). Let a(v) = v. Let h be a(3). Suppose -o - 1 = -h*n, -4*o + 4 = -3*n - n. Calculate y(o).
4
Suppose -2*x - 5*y = -37, -3*x - 2*y + 6*y + 90 = 0. Let q = x + -20. Let f(s) = -7*s - q + s**3 - 2*s**3 + 4 - 5 - 6*s**2. Determine f(-5).
3
Suppose 0 = 5*u - 45. Suppose g = 2*o - 6, 2*o - u = 3*g + 5. Let l(c) = -c**3 + 2*c**2 + 6*c - 7. Let x(d) = d**2 - d + 1. Let j(z) = g*x(z) - l(z). Give j(6).
-9
Let r(w) = 13*w + 18. Let z(t) = 23*t - 39 - 60*t - 14. Let v(g) = -17*r(g) - 6*z(g). Calculate v(0).
12
Let b(n) = -8 + n**2 + 28*n - 139*n + 39*n + 31*n + 29*n. Give b(12).
-8
Let m(d) = d**2 + 12*d + 24. Let k = -2135 - -2129. Calculate m(k).
-12
Let l(r) be the first derivative of -13*r**3 + r**2 - r + 2168. Determine l(1).
-38
Let s(f) = f**3 - 48*f**2 - 51*f + 95. Let x be 20 + -30 + 58 + 2/2. Give s(x).
-3
Let h(u) = -221*u**2 + 22*u + 12. Let n(v) = -138*v**2 + 15*v + 8. Let w(r) = 5*h(r) - 8*n(r). Let f be 21/9*1*-3. Calculate w(f).
17
Let g = -3498 + 3495. Let n(w) = 0*w**2 + 3*w**2 - 3 + 0*w**2 - 2*w - 4*w**2. Determine n(g).
-6
Let q(g) = -4*g + 28. Let p(b) = 23*b - 156. Let s(l) = -p(l) - 5*q(l). Suppose -3*o = 14 + 1, z + 5*o = -19. Calculate s(z).
-2
Let l(b) = -b**3 + 5*b**2 + 2*b - 3. Let s be (-8 + 9)/((-2)/(-8)). Suppose -2*h + 30 = s*y - 12, 3*h = 3*y - 54. Let r = 18 - y. What is l(r)?
7
Suppose -12*l + 69 - 117 = 0. Let w(k) = k**3 + 3*k**2 + k + 28. Calculate w(l).
8
Let m(y) be the third derivative of y**6/120 - y**5/60 + y**4/6 - 2*y**3/3 - 40405*y**2. Let p = 5 - 3. Give m(p).
8
Let u be (3 - 4)*4 + 0. Let j(m) = -m**3 + 2*m**2 - 4*m + 5. Let a be j(2). Let k be (a/(-4) - 2)*u. Let d(z) = -z + 3. Calculate d(k).
-2
Suppose -4*l = -4*r + 36, -4*l - 9 = 5*r - 0*r. Let p(j) = 15*j - 21*j + 5502*j**2 - 5 - 5503*j**2. Calculate p(l).
-5
Let k(b) = 253*b - 147. Let y(p) = 100*p - 73. Let t(f) = 2*k(f) - 5*y(f). Calculate t(0).
71
Let v(s) = 8*s**2 - 53*s - 9. Let l(i) = 40*i**2 - 291*i - 46. Let j(a) = -2*l(a) + 11*v(a). Give j(-4).
125
Let d(p) = 3*p - 4. Suppose 5*y - 2*y = -15. Let b(j) be the first derivative of j**4/4 + 4*j**3/3 - 5*j**2/2 - 4*j - 17. Let l be b(y). Determine d(l).
-16
Let u(j) be the third derivative of 7*j**2 + 3/2*j**3 - 1/120*j**6 + 2/15*j**5 - 2 - 3/8*j**4 + 0*j. Calculate u(7).
-5
Let p(z) be the third derivative of -z**4/24 - z**3/3 + 3*z**2. Let o be ((-4)/(-5))/2*360. Suppose 